[INFO] cloning repository https://github.com/quininer/triamcinolone
[INFO] running `Command { std: "git" "-c" "credential.helper=" "-c" "credential.helper=/workspace/cargo-home/bin/git-credential-null" "clone" "--bare" "https://github.com/quininer/triamcinolone" "/workspace/cache/git-repos/https%3A%2F%2Fgithub.com%2Fquininer%2Ftriamcinolone", kill_on_drop: false }`
[INFO] [stderr] Cloning into bare repository '/workspace/cache/git-repos/https%3A%2F%2Fgithub.com%2Fquininer%2Ftriamcinolone'...
[INFO] running `Command { std: "git" "rev-parse" "HEAD", kill_on_drop: false }`
[INFO] [stdout] 95e34717dd20738572c59d258152e0181a1c8c72
[INFO] checking quininer/triamcinolone against try#72f88fc4e9458f89516a0b8b0868f3718aec5b47 for pr-74989
[INFO] running `Command { std: "git" "clone" "/workspace/cache/git-repos/https%3A%2F%2Fgithub.com%2Fquininer%2Ftriamcinolone" "/workspace/builds/worker-4/source", kill_on_drop: false }`
[INFO] [stderr] Cloning into '/workspace/builds/worker-4/source'...
[INFO] [stderr] done.
[INFO] validating manifest of git repo https://github.com/quininer/triamcinolone on toolchain 72f88fc4e9458f89516a0b8b0868f3718aec5b47
[INFO] running `Command { std: "/workspace/cargo-home/bin/cargo" "+72f88fc4e9458f89516a0b8b0868f3718aec5b47" "read-manifest" "--manifest-path" "Cargo.toml", kill_on_drop: false }`
[INFO] started tweaking git repo https://github.com/quininer/triamcinolone
[INFO] finished tweaking git repo https://github.com/quininer/triamcinolone
[INFO] tweaked toml for git repo https://github.com/quininer/triamcinolone written to /workspace/builds/worker-4/source/Cargo.toml
[INFO] crate git repo https://github.com/quininer/triamcinolone already has a lockfile, it will not be regenerated
[INFO] running `Command { std: "/workspace/cargo-home/bin/cargo" "+72f88fc4e9458f89516a0b8b0868f3718aec5b47" "fetch" "--locked" "--manifest-path" "Cargo.toml", kill_on_drop: false }`
[INFO] [stderr]     Updating git repository `https://github.com/suhr/rstox.git`
[INFO] [stderr] error: the lock file /workspace/builds/worker-4/source/Cargo.lock needs to be updated but --locked was passed to prevent this
[INFO] [stderr] If you want to try to generate the lock file without accessing the network, use the --offline flag.
[INFO] the lockfile is outdated, regenerating it
[INFO] running `Command { std: "/workspace/cargo-home/bin/cargo" "+72f88fc4e9458f89516a0b8b0868f3718aec5b47" "generate-lockfile" "--manifest-path" "Cargo.toml" "-Zno-index-update", kill_on_drop: false }`
[INFO] [stderr]     Updating git repository `https://github.com/suhr/rstox.git`
[INFO] running `Command { std: "/workspace/cargo-home/bin/cargo" "+72f88fc4e9458f89516a0b8b0868f3718aec5b47" "fetch" "--locked" "--manifest-path" "Cargo.toml", kill_on_drop: false }`
[INFO] [stderr]     Blocking waiting for file lock on package cache
[INFO] running `Command { std: "docker" "create" "-v" "/var/lib/crater-agent-workspace/builds/worker-4/target:/opt/rustwide/target:rw,Z" "-v" "/var/lib/crater-agent-workspace/builds/worker-4/source:/opt/rustwide/workdir:ro,Z" "-v" "/var/lib/crater-agent-workspace/cargo-home:/opt/rustwide/cargo-home:ro,Z" "-v" "/var/lib/crater-agent-workspace/rustup-home:/opt/rustwide/rustup-home:ro,Z" "-e" "SOURCE_DIR=/opt/rustwide/workdir" "-e" "CARGO_TARGET_DIR=/opt/rustwide/target" "-e" "CARGO_HOME=/opt/rustwide/cargo-home" "-e" "RUSTUP_HOME=/opt/rustwide/rustup-home" "-w" "/opt/rustwide/workdir" "-m" "1610612736" "--user" "0:0" "--network" "none" "rustops/crates-build-env@sha256:d92eaeed33fa75130ca1ee6c8a01d1ffb62bac859dfdfb3450e3e5d1c0146529" "/opt/rustwide/cargo-home/bin/cargo" "+72f88fc4e9458f89516a0b8b0868f3718aec5b47" "metadata" "--no-deps" "--format-version=1", kill_on_drop: false }`
[INFO] [stdout] 98bfc3a678bea7a7fd89428fe21d9f7b3ae364b64015a24268dea211aed1a091
[INFO] [stderr] WARNING: Your kernel does not support swap limit capabilities or the cgroup is not mounted. Memory limited without swap.
[INFO] running `Command { std: "docker" "start" "-a" "98bfc3a678bea7a7fd89428fe21d9f7b3ae364b64015a24268dea211aed1a091", kill_on_drop: false }`
[INFO] running `Command { std: "docker" "inspect" "98bfc3a678bea7a7fd89428fe21d9f7b3ae364b64015a24268dea211aed1a091", kill_on_drop: false }`
[INFO] running `Command { std: "docker" "rm" "-f" "98bfc3a678bea7a7fd89428fe21d9f7b3ae364b64015a24268dea211aed1a091", kill_on_drop: false }`
[INFO] [stdout] 98bfc3a678bea7a7fd89428fe21d9f7b3ae364b64015a24268dea211aed1a091
[INFO] running `Command { std: "docker" "create" "-v" "/var/lib/crater-agent-workspace/builds/worker-4/target:/opt/rustwide/target:rw,Z" "-v" "/var/lib/crater-agent-workspace/builds/worker-4/source:/opt/rustwide/workdir:ro,Z" "-v" "/var/lib/crater-agent-workspace/cargo-home:/opt/rustwide/cargo-home:ro,Z" "-v" "/var/lib/crater-agent-workspace/rustup-home:/opt/rustwide/rustup-home:ro,Z" "-e" "SOURCE_DIR=/opt/rustwide/workdir" "-e" "CARGO_TARGET_DIR=/opt/rustwide/target" "-e" "CARGO_INCREMENTAL=0" "-e" "RUST_BACKTRACE=full" "-e" "RUSTFLAGS=--cap-lints=forbid" "-e" "CARGO_HOME=/opt/rustwide/cargo-home" "-e" "RUSTUP_HOME=/opt/rustwide/rustup-home" "-w" "/opt/rustwide/workdir" "-m" "1610612736" "--user" "0:0" "--network" "none" "rustops/crates-build-env@sha256:d92eaeed33fa75130ca1ee6c8a01d1ffb62bac859dfdfb3450e3e5d1c0146529" "/opt/rustwide/cargo-home/bin/cargo" "+72f88fc4e9458f89516a0b8b0868f3718aec5b47" "check" "--frozen" "--all" "--all-targets" "--message-format=json", kill_on_drop: false }`
[INFO] [stdout] f6cdb6fba268915d1b7de9578952889868999de6ec9ce5a148994f2ec6e454c1
[INFO] [stderr] WARNING: Your kernel does not support swap limit capabilities or the cgroup is not mounted. Memory limited without swap.
[INFO] running `Command { std: "docker" "start" "-a" "f6cdb6fba268915d1b7de9578952889868999de6ec9ce5a148994f2ec6e454c1", kill_on_drop: false }`
[INFO] [stderr]     Checking toml v0.5.6
[INFO] [stderr]     Checking rstox v0.0.1 (https://github.com/suhr/rstox.git#1793619c)
[INFO] [stderr]     Checking triamcinolone v0.1.0 (/opt/rustwide/workdir)
[INFO] [stdout] error[E0432]: unresolved imports `self::toml::Parser`, `self::toml::Table`
[INFO] [stdout]  --> src/lib.rs:9:18
[INFO] [stdout]   |
[INFO] [stdout] 9 | use self::toml::{Parser, Table};
[INFO] [stdout]   |                  ^^^^^^  ^^^^^ no `Table` in the root
[INFO] [stdout]   |                  |
[INFO] [stdout]   |                  no `Parser` in the root
[INFO] [stdout] 
[INFO] [stdout] 
[INFO] [stdout] error[E0432]: unresolved imports `self::toml::Parser`, `self::toml::Table`
[INFO] [stdout]  --> src/lib.rs:9:18
[INFO] [stdout]   |
[INFO] [stdout] 9 | use self::toml::{Parser, Table};
[INFO] [stdout]   |                  ^^^^^^  ^^^^^ no `Table` in the root
[INFO] [stdout]   |                  |
[INFO] [stdout]   |                  no `Parser` in the root
[INFO] [stdout] 
[INFO] [stdout] 
[INFO] [stdout] error[E0433]: failed to resolve: use of undeclared type or module `GroupchatType`
[INFO] [stdout]    --> src/lib.rs:131:13
[INFO] [stdout]     |
[INFO] [stdout] 131 |             GroupchatType::Text => {
[INFO] [stdout]     |             ^^^^^^^^^^^^^ use of undeclared type or module `GroupchatType`
[INFO] [stdout] 
[INFO] [stdout] 
[INFO] [stdout] error[E0433]: failed to resolve: use of undeclared type or module `GroupchatType`
[INFO] [stdout]    --> src/lib.rs:138:13
[INFO] [stdout]     |
[INFO] [stdout] 138 |             GroupchatType::Av => Err(())
[INFO] [stdout]     |             ^^^^^^^^^^^^^ use of undeclared type or module `GroupchatType`
[INFO] [stdout] 
[INFO] [stdout] 
[INFO] [stdout] error[E0433]: failed to resolve: use of undeclared type or module `GroupchatType`
[INFO] [stdout]    --> src/lib.rs:355:29
[INFO] [stdout]     |
[INFO] [stdout] 355 | ...                   GroupchatType::Text => "text",
[INFO] [stdout]     |                       ^^^^^^^^^^^^^ use of undeclared type or module `GroupchatType`
[INFO] [stdout] 
[INFO] [stdout] 
[INFO] [stdout] error[E0433]: failed to resolve: use of undeclared type or module `GroupchatType`
[INFO] [stdout]    --> src/lib.rs:356:29
[INFO] [stdout]     |
[INFO] [stdout] 356 | ...                   GroupchatType::Av => "av"
[INFO] [stdout]     |                       ^^^^^^^^^^^^^ use of undeclared type or module `GroupchatType`
[INFO] [stdout] 
[INFO] [stdout] 
[INFO] [stdout] error[E0412]: cannot find type `GroupchatType` in this scope
[INFO] [stdout]    --> src/lib.rs:110:35
[INFO] [stdout]     |
[INFO] [stdout] 110 |     fn join(&mut self, grouptype: GroupchatType, peer: Option<i32>, data: Option<Vec<u8>>) -> Result<GroupMessager, ()>;
[INFO] [stdout]     |                                   ^^^^^^^^^^^^^ not found in this scope
[INFO] [stdout] 
[INFO] [stdout] 
[INFO] [stdout] error[E0412]: cannot find type `GroupchatType` in this scope
[INFO] [stdout]    --> src/lib.rs:123:35
[INFO] [stdout]     |
[INFO] [stdout] 123 |     fn join(&mut self, grouptype: GroupchatType, peer: Option<i32>, data: Option<Vec<u8>>) -> Result<GroupMessager, ()> {
[INFO] [stdout]     |                                   ^^^^^^^^^^^^^ not found in this scope
[INFO] [stdout] 
[INFO] [stdout] 
[INFO] [stdout] error[E0412]: cannot find type `GroupchatType` in this scope
[INFO] [stdout]    --> src/lib.rs:158:16
[INFO] [stdout]     |
[INFO] [stdout] 158 |     grouptype: GroupchatType,
[INFO] [stdout]     |                ^^^^^^^^^^^^^ not found in this scope
[INFO] [stdout] 
[INFO] [stdout] 
[INFO] [stdout] error[E0412]: cannot find type `ChatChange` in this scope
[INFO] [stdout]    --> src/lib.rs:227:24
[INFO] [stdout]     |
[INFO] [stdout] 209 | pub struct Arguments {
[INFO] [stdout]     |                     - help: you might be missing a type parameter: `<ChatChange>`
[INFO] [stdout] ...
[INFO] [stdout] 227 |     pub change: Option<ChatChange>
[INFO] [stdout]     |                        ^^^^^^^^^^ not found in this scope
[INFO] [stdout] 
[INFO] [stdout] 
[INFO] [stdout] error[E0531]: cannot find tuple struct or tuple variant `GroupInvite` in this scope
[INFO] [stdout]    --> src/lib.rs:353:21
[INFO] [stdout]     |
[INFO] [stdout] 353 |                     GroupInvite(peer, kind, data) => {
[INFO] [stdout]     |                     ^^^^^^^^^^^ not found in this scope
[INFO] [stdout] 
[INFO] [stdout] 
[INFO] [stdout] error[E0531]: cannot find tuple struct or tuple variant `GroupMessage` in this scope
[INFO] [stdout]    --> src/lib.rs:363:21
[INFO] [stdout]     |
[INFO] [stdout] 363 |                     GroupMessage(groupnum, peer, message) => {
[INFO] [stdout]     |                     ^^^^^^^^^^^^ not found in this scope
[INFO] [stdout] 
[INFO] [stdout] 
[INFO] [stdout] error[E0433]: failed to resolve: use of undeclared type or module `GroupchatType`
[INFO] [stdout]    --> src/lib.rs:131:13
[INFO] [stdout]     |
[INFO] [stdout] 131 |             GroupchatType::Text => {
[INFO] [stdout]     |             ^^^^^^^^^^^^^ use of undeclared type or module `GroupchatType`
[INFO] [stdout] 
[INFO] [stdout] 
[INFO] [stdout] error[E0433]: failed to resolve: use of undeclared type or module `GroupchatType`
[INFO] [stdout]    --> src/lib.rs:138:13
[INFO] [stdout]     |
[INFO] [stdout] 138 |             GroupchatType::Av => Err(())
[INFO] [stdout]     |             ^^^^^^^^^^^^^ use of undeclared type or module `GroupchatType`
[INFO] [stdout] 
[INFO] [stdout] 
[INFO] [stdout] error[E0531]: cannot find tuple struct or tuple variant `GroupTitle` in this scope
[INFO] [stdout]    --> src/lib.rs:388:21
[INFO] [stdout]     |
[INFO] [stdout] 388 |                     GroupTitle(groupnum, peer, message) => {
[INFO] [stdout]     |                     ^^^^^^^^^^ not found in this scope
[INFO] [stdout] 
[INFO] [stdout] 
[INFO] [stdout] error[E0531]: cannot find tuple struct or tuple variant `GroupNamelistChange` in this scope
[INFO] [stdout]    --> src/lib.rs:396:21
[INFO] [stdout]     |
[INFO] [stdout] 396 |                     GroupNamelistChange(groupnum, peer, change) => {
[INFO] [stdout]     |                     ^^^^^^^^^^^^^^^^^^^ not found in this scope
[INFO] [stdout] 
[INFO] [stdout] 
[INFO] [stdout] warning: use of deprecated macro `try`: use the `?` operator instead
[INFO] [stdout]   --> src/lib.rs:99:21
[INFO] [stdout]    |
[INFO] [stdout] 99 |         let mut f = try!(File::create(Path::new(
[INFO] [stdout]    |                     ^^^
[INFO] [stdout]    |
[INFO] [stdout]    = note: `#[warn(deprecated)]` on by default
[INFO] [stdout] 
[INFO] [stdout] 
[INFO] [stdout] warning: use of deprecated macro `try`: use the `?` operator instead
[INFO] [stdout]    --> src/lib.rs:102:9
[INFO] [stdout]     |
[INFO] [stdout] 102 |         try!(f.write(&self.core.save()));
[INFO] [stdout]     |         ^^^
[INFO] [stdout] 
[INFO] [stdout] 
[INFO] [stdout] warning: trait objects without an explicit `dyn` are deprecated
[INFO] [stdout]    --> src/lib.rs:248:47
[INFO] [stdout]     |
[INFO] [stdout] 248 |     fn on(&mut self, event: &'e str, foo: Box<Fn(&mut Messager, Arguments)>);
[INFO] [stdout]     |                                               ^^^^^^^^^^^^^^^^^^^^^^^^^^^^ help: use `dyn`: `dyn Fn(&mut Messager, Arguments)`
[INFO] [stdout]     |
[INFO] [stdout]     = note: `#[warn(bare_trait_objects)]` on by default
[INFO] [stdout] 
[INFO] [stdout] 
[INFO] [stdout] warning: trait objects without an explicit `dyn` are deprecated
[INFO] [stdout]    --> src/lib.rs:257:50
[INFO] [stdout]     |
[INFO] [stdout] 257 | impl<'e> Events<'e> for HashMap<&'e str, Vec<Box<Fn(&mut Messager, Arguments)>>> {
[INFO] [stdout]     |                                                  ^^^^^^^^^^^^^^^^^^^^^^^^^^^^ help: use `dyn`: `dyn Fn(&mut Messager, Arguments)`
[INFO] [stdout] 
[INFO] [stdout] 
[INFO] [stdout] warning: trait objects without an explicit `dyn` are deprecated
[INFO] [stdout]    --> src/lib.rs:259:47
[INFO] [stdout]     |
[INFO] [stdout] 259 |     fn on(&mut self, event: &'e str, foo: Box<Fn(&mut Messager, Arguments)>) {
[INFO] [stdout]     |                                               ^^^^^^^^^^^^^^^^^^^^^^^^^^^^ help: use `dyn`: `dyn Fn(&mut Messager, Arguments)`
[INFO] [stdout] 
[INFO] [stdout] 
[INFO] [stdout] error[E0433]: failed to resolve: use of undeclared type or module `GroupchatType`
[INFO] [stdout]    --> src/lib.rs:355:29
[INFO] [stdout]     |
[INFO] [stdout] 355 | ...                   GroupchatType::Text => "text",
[INFO] [stdout]     |                       ^^^^^^^^^^^^^ use of undeclared type or module `GroupchatType`
[INFO] [stdout] 
[INFO] [stdout] 
[INFO] [stdout] error[E0433]: failed to resolve: use of undeclared type or module `GroupchatType`
[INFO] [stdout]    --> src/lib.rs:356:29
[INFO] [stdout]     |
[INFO] [stdout] 356 | ...                   GroupchatType::Av => "av"
[INFO] [stdout]     |                       ^^^^^^^^^^^^^ use of undeclared type or module `GroupchatType`
[INFO] [stdout] 
[INFO] [stdout] 
[INFO] [stdout] error[E0412]: cannot find type `GroupchatType` in this scope
[INFO] [stdout]    --> src/lib.rs:110:35
[INFO] [stdout]     |
[INFO] [stdout] 110 |     fn join(&mut self, grouptype: GroupchatType, peer: Option<i32>, data: Option<Vec<u8>>) -> Result<GroupMessager, ()>;
[INFO] [stdout]     |                                   ^^^^^^^^^^^^^ not found in this scope
[INFO] [stdout] 
[INFO] [stdout] 
[INFO] [stdout] error[E0412]: cannot find type `GroupchatType` in this scope
[INFO] [stdout]    --> src/lib.rs:123:35
[INFO] [stdout]     |
[INFO] [stdout] 123 |     fn join(&mut self, grouptype: GroupchatType, peer: Option<i32>, data: Option<Vec<u8>>) -> Result<GroupMessager, ()> {
[INFO] [stdout]     |                                   ^^^^^^^^^^^^^ not found in this scope
[INFO] [stdout] 
[INFO] [stdout] 
[INFO] [stdout] error[E0412]: cannot find type `GroupchatType` in this scope
[INFO] [stdout]    --> src/lib.rs:158:16
[INFO] [stdout]     |
[INFO] [stdout] 158 |     grouptype: GroupchatType,
[INFO] [stdout]     |                ^^^^^^^^^^^^^ not found in this scope
[INFO] [stdout] 
[INFO] [stdout] 
[INFO] [stdout] error[E0412]: cannot find type `ChatChange` in this scope
[INFO] [stdout]    --> src/lib.rs:227:24
[INFO] [stdout]     |
[INFO] [stdout] 209 | pub struct Arguments {
[INFO] [stdout]     |                     - help: you might be missing a type parameter: `<ChatChange>`
[INFO] [stdout] ...
[INFO] [stdout] 227 |     pub change: Option<ChatChange>
[INFO] [stdout]     |                        ^^^^^^^^^^ not found in this scope
[INFO] [stdout] 
[INFO] [stdout] 
[INFO] [stdout] error[E0531]: cannot find tuple struct or tuple variant `GroupInvite` in this scope
[INFO] [stdout]    --> src/lib.rs:353:21
[INFO] [stdout]     |
[INFO] [stdout] 353 |                     GroupInvite(peer, kind, data) => {
[INFO] [stdout]     |                     ^^^^^^^^^^^ not found in this scope
[INFO] [stdout] 
[INFO] [stdout] 
[INFO] [stdout] error[E0531]: cannot find tuple struct or tuple variant `GroupMessage` in this scope
[INFO] [stdout]    --> src/lib.rs:363:21
[INFO] [stdout]     |
[INFO] [stdout] 363 |                     GroupMessage(groupnum, peer, message) => {
[INFO] [stdout]     |                     ^^^^^^^^^^^^ not found in this scope
[INFO] [stdout] 
[INFO] [stdout] 
[INFO] [stdout] error[E0531]: cannot find tuple struct or tuple variant `GroupTitle` in this scope
[INFO] [stdout]    --> src/lib.rs:388:21
[INFO] [stdout]     |
[INFO] [stdout] 388 |                     GroupTitle(groupnum, peer, message) => {
[INFO] [stdout]     |                     ^^^^^^^^^^ not found in this scope
[INFO] [stdout] 
[INFO] [stdout] 
[INFO] [stdout] error[E0531]: cannot find tuple struct or tuple variant `GroupNamelistChange` in this scope
[INFO] [stdout]    --> src/lib.rs:396:21
[INFO] [stdout]     |
[INFO] [stdout] 396 |                     GroupNamelistChange(groupnum, peer, change) => {
[INFO] [stdout]     |                     ^^^^^^^^^^^^^^^^^^^ not found in this scope
[INFO] [stdout] 
[INFO] [stdout] 
[INFO] [stdout] warning: use of deprecated macro `try`: use the `?` operator instead
[INFO] [stdout]   --> src/lib.rs:99:21
[INFO] [stdout]    |
[INFO] [stdout] 99 |         let mut f = try!(File::create(Path::new(
[INFO] [stdout]    |                     ^^^
[INFO] [stdout]    |
[INFO] [stdout]    = note: `#[warn(deprecated)]` on by default
[INFO] [stdout] 
[INFO] [stdout] 
[INFO] [stdout] warning: use of deprecated macro `try`: use the `?` operator instead
[INFO] [stdout]    --> src/lib.rs:102:9
[INFO] [stdout]     |
[INFO] [stdout] 102 |         try!(f.write(&self.core.save()));
[INFO] [stdout]     |         ^^^
[INFO] [stdout] 
[INFO] [stdout] 
[INFO] [stdout] warning: trait objects without an explicit `dyn` are deprecated
[INFO] [stdout]    --> src/lib.rs:248:47
[INFO] [stdout]     |
[INFO] [stdout] 248 |     fn on(&mut self, event: &'e str, foo: Box<Fn(&mut Messager, Arguments)>);
[INFO] [stdout]     |                                               ^^^^^^^^^^^^^^^^^^^^^^^^^^^^ help: use `dyn`: `dyn Fn(&mut Messager, Arguments)`
[INFO] [stdout]     |
[INFO] [stdout]     = note: `#[warn(bare_trait_objects)]` on by default
[INFO] [stdout] 
[INFO] [stdout] 
[INFO] [stdout] warning: trait objects without an explicit `dyn` are deprecated
[INFO] [stdout]    --> src/lib.rs:257:50
[INFO] [stdout]     |
[INFO] [stdout] 257 | impl<'e> Events<'e> for HashMap<&'e str, Vec<Box<Fn(&mut Messager, Arguments)>>> {
[INFO] [stdout]     |                                                  ^^^^^^^^^^^^^^^^^^^^^^^^^^^^ help: use `dyn`: `dyn Fn(&mut Messager, Arguments)`
[INFO] [stdout] 
[INFO] [stdout] 
[INFO] [stdout] warning: trait objects without an explicit `dyn` are deprecated
[INFO] [stdout]    --> src/lib.rs:259:47
[INFO] [stdout]     |
[INFO] [stdout] 259 |     fn on(&mut self, event: &'e str, foo: Box<Fn(&mut Messager, Arguments)>) {
[INFO] [stdout]     |                                               ^^^^^^^^^^^^^^^^^^^^^^^^^^^^ help: use `dyn`: `dyn Fn(&mut Messager, Arguments)`
[INFO] [stdout] 
[INFO] [stdout] 
[INFO] [stdout] error[E0599]: no method named `group_get_type` found for struct `rstox::core::Tox` in the current scope
[INFO] [stdout]    --> src/lib.rs:118:37
[INFO] [stdout]     |
[INFO] [stdout] 118 |             grouptype: (*self).core.group_get_type(groupnum.expect("Group num Error.")).expect("Group type Error."),
[INFO] [stdout]     |                                     ^^^^^^^^^^^^^^ method not found in `rstox::core::Tox`
[INFO] [stdout] 
[INFO] [stdout] 
[INFO] [stdout] error[E0599]: no method named `add_groupchat` found for struct `rstox::core::Tox` in the current scope
[INFO] [stdout]    --> src/lib.rs:125:36
[INFO] [stdout]     |
[INFO] [stdout] 125 |             return match self.core.add_groupchat() {
[INFO] [stdout]     |                                    ^^^^^^^^^^^^^ method not found in `rstox::core::Tox`
[INFO] [stdout] 
[INFO] [stdout] 
[INFO] [stdout] error[E0599]: no method named `join_groupchat` found for struct `rstox::core::Tox` in the current scope
[INFO] [stdout]    --> src/lib.rs:132:33
[INFO] [stdout]     |
[INFO] [stdout] 132 |                 match self.core.join_groupchat(peer.unwrap(), &data.unwrap()) {
[INFO] [stdout]     |                                 ^^^^^^^^^^^^^^ method not found in `rstox::core::Tox`
[INFO] [stdout] 
[INFO] [stdout] 
[INFO] [stdout] error[E0599]: no method named `group_message_send` found for struct `rstox::core::Tox` in the current scope
[INFO] [stdout]    --> src/lib.rs:178:55
[INFO] [stdout]     |
[INFO] [stdout] 178 |             MessageType::Normal => self.messager.core.group_message_send(self.group, &message),
[INFO] [stdout]     |                                                       ^^^^^^^^^^^^^^^^^^ method not found in `rstox::core::Tox`
[INFO] [stdout] 
[INFO] [stdout] 
[INFO] [stdout] error[E0599]: no method named `group_action_send` found for struct `rstox::core::Tox` in the current scope
[INFO] [stdout]    --> src/lib.rs:179:55
[INFO] [stdout]     |
[INFO] [stdout] 179 |             MessageType::Action => self.messager.core.group_action_send(self.group, &message)
[INFO] [stdout]     |                                                       ^^^^^^^^^^^^^^^^^ method not found in `rstox::core::Tox`
[INFO] [stdout] 
[INFO] [stdout] 
[INFO] [stdout] error[E0599]: no method named `group_peername` found for struct `rstox::core::Tox` in the current scope
[INFO] [stdout]    --> src/lib.rs:184:46
[INFO] [stdout]     |
[INFO] [stdout] 184 |             Some(peer) => self.messager.core.group_peername(self.group, peer),
[INFO] [stdout]     |                                              ^^^^^^^^^^^^^^ method not found in `rstox::core::Tox`
[INFO] [stdout] 
[INFO] [stdout] 
[INFO] [stdout] error[E0599]: no method named `group_get_title` found for struct `rstox::core::Tox` in the current scope
[INFO] [stdout]    --> src/lib.rs:189:28
[INFO] [stdout]     |
[INFO] [stdout] 189 |         self.messager.core.group_get_title(self.group)
[INFO] [stdout]     |                            ^^^^^^^^^^^^^^^ method not found in `rstox::core::Tox`
[INFO] [stdout] 
[INFO] [stdout] 
[INFO] [stdout] error[E0599]: no method named `group_set_title` found for struct `rstox::core::Tox` in the current scope
[INFO] [stdout]    --> src/lib.rs:192:28
[INFO] [stdout]     |
[INFO] [stdout] 192 |         self.messager.core.group_set_title(self.group, title)
[INFO] [stdout]     |                            ^^^^^^^^^^^^^^^ method not found in `rstox::core::Tox`
[INFO] [stdout] 
[INFO] [stdout] 
[INFO] [stdout] error[E0282]: type annotations needed
[INFO] [stdout]    --> src/lib.rs:241:21
[INFO] [stdout]     |
[INFO] [stdout] 241 |             change: None
[INFO] [stdout]     |                     ^^^^ cannot infer type for type parameter `T` declared on the enum `Option`
[INFO] [stdout] 
[INFO] [stdout] 
[INFO] [stdout] error: aborting due to 22 previous errors; 5 warnings emitted
[INFO] [stdout] 
[INFO] [stdout] 
[INFO] [stdout] Some errors have detailed explanations: E0282, E0412, E0432, E0433, E0531, E0599.
[INFO] [stdout] 
[INFO] [stdout] For more information about an error, try `rustc --explain E0282`.
[INFO] [stdout] 
[INFO] [stdout] error[E0599]: no method named `group_get_type` found for struct `rstox::core::Tox` in the current scope
[INFO] [stdout]    --> src/lib.rs:118:37
[INFO] [stdout]     |
[INFO] [stdout] 118 |             grouptype: (*self).core.group_get_type(groupnum.expect("Group num Error.")).expect("Group type Error."),
[INFO] [stdout]     |                                     ^^^^^^^^^^^^^^ method not found in `rstox::core::Tox`
[INFO] [stdout] 
[INFO] [stdout] 
[INFO] [stdout] error[E0599]: no method named `add_groupchat` found for struct `rstox::core::Tox` in the current scope
[INFO] [stdout]    --> src/lib.rs:125:36
[INFO] [stdout]     |
[INFO] [stdout] 125 |             return match self.core.add_groupchat() {
[INFO] [stdout]     |                                    ^^^^^^^^^^^^^ method not found in `rstox::core::Tox`
[INFO] [stdout] 
[INFO] [stdout] 
[INFO] [stdout] error[E0599]: no method named `join_groupchat` found for struct `rstox::core::Tox` in the current scope
[INFO] [stdout]    --> src/lib.rs:132:33
[INFO] [stdout]     |
[INFO] [stdout] 132 |                 match self.core.join_groupchat(peer.unwrap(), &data.unwrap()) {
[INFO] [stdout]     |                                 ^^^^^^^^^^^^^^ method not found in `rstox::core::Tox`
[INFO] [stdout] 
[INFO] [stdout] 
[INFO] [stderr] error: could not compile `triamcinolone`.
[INFO] [stderr] 
[INFO] [stderr] To learn more, run the command again with --verbose.
[INFO] [stderr] warning: build failed, waiting for other jobs to finish...
[INFO] [stdout] error[E0599]: no method named `group_message_send` found for struct `rstox::core::Tox` in the current scope
[INFO] [stdout]    --> src/lib.rs:178:55
[INFO] [stdout]     |
[INFO] [stdout] 178 |             MessageType::Normal => self.messager.core.group_message_send(self.group, &message),
[INFO] [stdout]     |                                                       ^^^^^^^^^^^^^^^^^^ method not found in `rstox::core::Tox`
[INFO] [stdout] 
[INFO] [stdout] 
[INFO] [stdout] error[E0599]: no method named `group_action_send` found for struct `rstox::core::Tox` in the current scope
[INFO] [stdout]    --> src/lib.rs:179:55
[INFO] [stdout]     |
[INFO] [stdout] 179 |             MessageType::Action => self.messager.core.group_action_send(self.group, &message)
[INFO] [stdout]     |                                                       ^^^^^^^^^^^^^^^^^ method not found in `rstox::core::Tox`
[INFO] [stdout] 
[INFO] [stdout] 
[INFO] [stdout] error[E0599]: no method named `group_peername` found for struct `rstox::core::Tox` in the current scope
[INFO] [stdout]    --> src/lib.rs:184:46
[INFO] [stdout]     |
[INFO] [stdout] 184 |             Some(peer) => self.messager.core.group_peername(self.group, peer),
[INFO] [stdout]     |                                              ^^^^^^^^^^^^^^ method not found in `rstox::core::Tox`
[INFO] [stdout] 
[INFO] [stdout] 
[INFO] [stdout] error[E0599]: no method named `group_get_title` found for struct `rstox::core::Tox` in the current scope
[INFO] [stdout]    --> src/lib.rs:189:28
[INFO] [stdout]     |
[INFO] [stdout] 189 |         self.messager.core.group_get_title(self.group)
[INFO] [stdout]     |                            ^^^^^^^^^^^^^^^ method not found in `rstox::core::Tox`
[INFO] [stdout] 
[INFO] [stdout] 
[INFO] [stdout] error[E0599]: no method named `group_set_title` found for struct `rstox::core::Tox` in the current scope
[INFO] [stdout]    --> src/lib.rs:192:28
[INFO] [stdout]     |
[INFO] [stdout] 192 |         self.messager.core.group_set_title(self.group, title)
[INFO] [stdout]     |                            ^^^^^^^^^^^^^^^ method not found in `rstox::core::Tox`
[INFO] [stdout] 
[INFO] [stdout] 
[INFO] [stdout] error[E0282]: type annotations needed
[INFO] [stdout]    --> src/lib.rs:241:21
[INFO] [stdout]     |
[INFO] [stdout] 241 |             change: None
[INFO] [stdout]     |                     ^^^^ cannot infer type for type parameter `T` declared on the enum `Option`
[INFO] [stdout] 
[INFO] [stdout] 
[INFO] [stdout] error: aborting due to 22 previous errors; 5 warnings emitted
[INFO] [stdout] 
[INFO] [stdout] 
[INFO] [stdout] Some errors have detailed explanations: E0282, E0412, E0432, E0433, E0531, E0599.
[INFO] [stdout] 
[INFO] [stdout] For more information about an error, try `rustc --explain E0282`.
[INFO] [stdout] 
[INFO] [stderr] error: build failed
[INFO] running `Command { std: "docker" "inspect" "f6cdb6fba268915d1b7de9578952889868999de6ec9ce5a148994f2ec6e454c1", kill_on_drop: false }`
[INFO] running `Command { std: "docker" "rm" "-f" "f6cdb6fba268915d1b7de9578952889868999de6ec9ce5a148994f2ec6e454c1", kill_on_drop: false }`
[INFO] [stdout] f6cdb6fba268915d1b7de9578952889868999de6ec9ce5a148994f2ec6e454c1
